- (71665/5)/c. What is the greatest common factor of b and 52?
52
Let j(m) be the first derivative of -13 - 44*m + 16 + 21 + 5 - m**2. Let f be j(-25). What is the highest common divisor of 102 and f?
6
Let a(k) = 52*k**2 - k + 2. Let r be a(1). Suppose 0 = x + r - 83. Let u be 4*(7/(-4))/7*-45. What is the greatest common factor of u and x?
15
Suppose 12*t = t + 33. Let a = t - -7. Let k be (-2)/a - (-2804)/20. Calculate the greatest common divisor of k and 28.
28
Suppose 11*a - 290 = 282. Let c = 87 - 71. What is the highest common factor of a and c?
4
Let b be 15330/1168*(54 + 2). Calculate the greatest common divisor of 343 and b.
49
Let p(q) = 20*q + 735. Let c be p(-32). Calculate the highest common factor of 1919 and c.
19
Let m(k) = 52*k + 10*k - 10 - 12*k + 16*k. Let o be m(1). What is the greatest common factor of 21 and o?
7
Suppose -7*y + 5218 - 4700 = 0. Calculate the greatest common factor of 2109 and y.
37
Suppose 0 = -83*y + 97*y. Suppose y = -2*t - 2*d + 235 + 165, -4*d = -4*t + 824. What is the highest common divisor of t and 29?
29
Suppose 12 + 30 = 14*l. Suppose 3*t = v - 5, l*t = 6*v - 2*v - 20. Let a = 133 + -53. What is the greatest common divisor of v and a?
5
Let r(k) = 16 + 1 - 3*k + 2*k. Suppose 685*s - h - 5 = 683*s, -4*s = -5*h - 7. Let g be r(s). What is the greatest common divisor of 2 and g?
2
Let h be (90 - 0) + -3 + 3. Let b(r) = -r**3 - 120*r**2 + 121*r + 72. Let g be b(-121). Calculate the greatest common divisor of g and h.
18
Let y = -2548 - -2718. Calculate the greatest common factor of y and 102.
34
Let v = -3112 - -3287. What is the highest common factor of 1645 and v?
35
Let v = 1847 - 1982. Let w = 202 - 65. Let d = v + w. Calculate the highest common factor of d and 6.
2
Suppose 0 = -2*u + 5*r + 783, -24*u = -29*u + 3*r + 1910. Let f = -255 + u. What is the greatest common divisor of 4 and f?
4
Suppose 10*f - 56 = -26. Suppose -f*h = -12, -2*t - 8*h + 28 = -6*h. Let x = -87 - -127. What is the greatest common factor of t and x?
10
Let f = 30 - 20. Suppose 15*u = 10*u + f. Suppose u*j = 2, -4*v + 5*v - j = 34. Calculate the highest common factor of v and 14.
7
Suppose -p - 56 = -9*p. Suppose 0 = -3*n - p*n + 20. Suppose -45 = -n*h + h. What is the highest common factor of h and 5?
5
Suppose -9006 = -3*g - 2*x, 3*x + 4403 = 3*g - 4588. What is the highest common factor of 24 and g?
24
Suppose -2 = -y - f, 26*y + f = 21*y + 18. Suppose -2*r = 3*x - 0*r - 28, y*r = 5*x - 76. What is the greatest common divisor of 18 and x?
6
Suppose 3*f + 872 = 2*s + 2*s, 4*f = 3*s - 661. Let n = s - 204. What is the highest common divisor of n and 77?
11
Let f be 248/(0 + 1 - (132/(-30) + 5)). Calculate the highest common divisor of f and 806.
62
Suppose -2*m = -9*p - 41, -3*m - 3*p + p + 77 = 0. What is the greatest common divisor of m and 2075?
25
Suppose -3*t = -5*h - 4909, 0 = 3*t - 4*h + 6*h - 4916. What is the greatest common divisor of t and 28?
14
Let h be 44/3*(-855)/304*-8. What is the greatest common factor of 4686 and h?
66
Let f be (-123)/((-7)/(-42)*2). Let w = f - -569. What is the highest common divisor of w and 8?
8
Let o = -18 + 26. Let z(t) = 2*t - 3. Let p be z(o). Let q be (-9 + 32)/(-46)*-286. Calculate the highest common divisor of q and p.
13
Let n be ((1950/(-8))/(-5))/((-228)/608). Let k be 15*(6 + n/25). Let r be ((-45)/(-6))/((-1)/(-4)). What is the highest common divisor of k and r?
6
Let r be 450/162 + 4/18. Let s = -130 - -128. Let g be -2*187/3*r/s. What is the greatest common divisor of 17 and g?
17
Let t be 0 + -6 + (-1550)/(-10). Let o = t + -83. What is the highest common factor of 253 and o?
11
Let l be (2/(-4))/(4 + 14885/(-3718)). What is the greatest common divisor of 1628 and l?
11
Let a be 0*((-15)/6 + 2). Suppose 0*w + 5*w - 525 = a. Suppose -46*p = -21*p - 13*p - 504. What is the greatest common factor of w and p?
21
Suppose -3*z + 4*z = 46. Suppose -65 = 5*b - 80. Suppose -2*n + 820 = b*q, 5*n + 20 = 3*q - 828. Calculate the greatest common divisor of q and z.
46
Let z(b) = -b**2 + 2*b + 21. Let q(l) = 30*l - 123. Let g be q(4). Let c be z(g). Calculate the highest common divisor of c and 186.
6
Let g be (-144)/(-10) + 8/(-20). Suppose 0 = -5*p - 2*u + 36, 5*u - g + 0 = -3*p. Let l be 4/16 + 158/8*1. Calculate the highest common divisor of l and p.
4
Suppose c - 67 = 4*l + 275, c + 2*l - 354 = 0. Suppose -561 = 39*a - 42*a. Let v be (-34)/a - 1104/(-22). Calculate the greatest common factor of v and c.
50
Suppose 698*w - 694*w + 5*s = 80, -w = -2*s - 20. Let q(k) = -5*k + 5. Let j be q(-9). Calculate the highest common divisor of w and j.
10
Let i = -25 + 24. Let q be (4 - (4 + i))*10. Suppose 0 = 14*g - q*g - 32. What is the greatest common factor of 8 and g?
8
Suppose -5*d + 279*b = 277*b - 2150, -2170 = -5*d - 2*b. What is the greatest common factor of d and 880?
16
Let v be (11*(-11 + 10))/(-6 - -5). Let c(d) = 46*d - 5. Let j be c(8). What is the greatest common divisor of v and j?
11
Suppose -4*c = -4*g - 28, 21*g = -c + 16*g + 37. Calculate the greatest common factor of 636 and c.
12
Suppose -4*c + 97752 = 4*b, 0 = -3*b + 2*c + 90315 - 17016. Calculate the greatest common factor of b and 45.
45
Suppose -39*r - 1200 = -3*n - 36*r, -3*n + 1168 = -r. Let a be 1 + 0 + (1 - -22). Calculate the highest common factor of a and n.
24
Suppose 165 = -38*t + 53*t. Suppose 3*m - 18 = 2*m. Let o = m + -7. What is the greatest common divisor of t and o?
11
Let b(n) = -15*n**3 - 2*n**2 + n. Let o be b(-2). Suppose i + 66 = 76. Suppose 60 = 16*g - i*g. What is the greatest common divisor of g and o?
10
Let j be (-5 + 5 - -10)/((-4)/(-6)). Suppose j = 5*d, -t - 9 = -2*d + 11. Let m be 118/8 + t/(-56). Calculate the greatest common factor of m and 45.
15
Let g = 898 - 573. What is the highest common divisor of g and 75?
25
Let l = 1106 - 1026. Calculate the highest common divisor of l and 130.
10
Let j = -376 + 398. Suppose -14*z = j - 78. What is the greatest common factor of z and 148?
4
Let a be (-10)/(5/(-1)) - -198. Let q(n) = 2*n**2 + 7*n - 10. Let x be q(-5). What is the greatest common divisor of a and x?
5
Let c be 3 - 2*1/2. Let n be ((-3 - -1) + 138)/c. Calculate the greatest common factor of 34 and n.
34
Suppose -8*d + 19*d - 4651 = -3771. What is the highest common factor of 1540 and d?
20
Let f = 19 + -10. Suppose 2*o - 1 - f = 0. Let v = 2340 - 2315. Calculate the greatest common divisor of v and o.
5
Let q(w) = -w**2 - 16*w + 95. Let y be q(12). Let s = -195 - y. What is the greatest common divisor of 4 and s?
2
Let z be (-26)/(2 + 63/(-28)). Let p be (702/z)/(-2 + (-614)/(-304)). Calculate the highest common divisor of 38 and p.
38
Let v(g) = 22*g + 126. Let t be v(-6). Let w be 2/((t - -2)*19/(-3230)). Calculate the highest common factor of 5 and w.
5
Let w be (150/(-4))/((-2)/(-168)). Let q be w/(-22) + (-18)/99. Let p be ((-1350)/36 + -8)*(-2)/7. What is the greatest common divisor of q and p?
13
Let r(s) = -4*s**2 + 631*s + 3464. Let p be r(163). Suppose i + 59 - 264 = 0. What is the highest common divisor of i and p?
41
Let k = 241 - 239. Suppose -96 = -k*x + z, 0 = 4*z + z. What is the highest common factor of 576 and x?
48
Let r(c) = c**2 - 63*c - 117. Let q be r(66). Let a be (3 + -1)/(2/36). Calculate the highest common divisor of q and a.
9
Let k = -25813 + 25842. Calculate the highest common factor of k and 2581.
29
Suppose 0 = -8*n - 26 - 14. Let h be (-4)/n + (-1752)/(-60) + 6. Calculate the greatest common factor of h and 156.
12
Let n be (-6)/(-33) - 434/(-154). Suppose 2*t = 4*x - n*t - 54, 0 = 4*x + 4*t - 36. Suppose 0 = 4*w - 2 - 2. Calculate the highest common factor of x and w.
1
Let r(z) = -18 + 24*z + 10 + 12. Let n be r(2). What is the greatest common factor of 8 and n?
4
Let j = -283 - -281. Let f(u) = 12*u + 65. Let r be f(j). What is the greatest common factor of 123 and r?
41
Suppose -2*i = -2*r + 68, i + 312 = 303. What is the greatest common divisor of r and 5440?
5
Suppose 0 = -41*b + 39*b - 20. Let c be (-2)/((-11)/b - (2 + -1)). Let m = -7 - c. Calculate the highest common divisor of 13 and m.
13
Let s = 121282 - 81524. What is the greatest common divisor of s and 206?
206
Suppose 4*g + b + 60 = 6*g, -5*g = 5*b - 120. Let m be (228/(-